{"id":2274,"date":"2023-12-29T13:41:57","date_gmt":"2023-12-29T13:41:57","guid":{"rendered":"https:\/\/dev.vdtarn.fr\/hebergements\/chalet-les-chenes\/"},"modified":"2024-03-05T13:51:02","modified_gmt":"2024-03-05T13:51:02","slug":"chalet-les-chenes","status":"publish","type":"hebergement","link":"https:\/\/vdtarn.fr\/es\/hebergements\/chalet-les-chenes\/","title":{"rendered":"Chalet Les Ch\u00eanes"},"content":{"rendered":"\n<p class=\"has-small-font-size\" data-block-type=\"core\">El Chalet Familial du Domaine Vall\u00e9e du Tarn*** tiene 2 dormitorios y un sal\u00f3n muy grande donde se puede desplegar el sof\u00e1.<\/p>\n\n<ul class=\"has-small-font-size wp-block-list\" data-block-type=\"core\">\n<li data-block-type=\"core\">Aprox. 57 m\u00b2 con terraza<\/li>\n\n\n\n<li data-block-type=\"core\">Wifi gratuito<\/li>\n\n\n\n<li data-block-type=\"core\">Cocina totalmente equipada para 6 personas.<\/li>\n\n\n\n<li data-block-type=\"core\">Cafetera el\u00e9ctrica<\/li>\n\n\n\n<li data-block-type=\"core\">Frigor\u00edfico\/congelador<\/li>\n\n\n\n<li data-block-type=\"core\">Placa el\u00e9ctrica<\/li>\n\n\n\n<li data-block-type=\"core\">Horno microondas<\/li>\n\n\n\n<li data-block-type=\"core\">Televisi\u00f3n<\/li>\n\n\n\n<li data-block-type=\"core\">Ducha<\/li>\n\n\n\n<li data-block-type=\"core\">1 cama doble<\/li>\n\n\n\n<li data-block-type=\"core\">2 camas individuales<\/li>\n\n\n\n<li data-block-type=\"core\">WC separado<\/li>\n\n\n\n<li data-block-type=\"core\">Un edred\u00f3n + almohada por persona.<\/li>\n\n\n\n<li data-block-type=\"core\">Portaequipajes<\/li>\n\n\n\n<li data-block-type=\"core\">Muebles de jard\u00edn<\/li>\n\n\n\n<li data-block-type=\"core\">Banco cama en el sal\u00f3n<\/li>\n<\/ul>\n","protected":false},"featured_media":2278,"template":"","meta":{"_acf_changed":false,"_seopress_robots_primary_cat":"","_seopress_titles_title":"Alquiler chalet 6 personas 3 habitaciones 57 m\u00b2 camping Tarn","_seopress_titles_desc":"Planifique sus vacaciones en el Tarn y alquile nuestro confortable chalet de 57 m\u00b2. Disfrute de 3 habitaciones para 6 personas en un camping de 3 estrellas.","_seopress_robots_index":"","_vp_format_video_url":"","_vp_image_focal_point":[]},"gamme":[19],"class_list":["post-2274","hebergement","type-hebergement","status-publish","has-post-thumbnail","hentry","gamme-esencial"],"acf":[],"_links":{"self":[{"href":"https:\/\/vdtarn.fr\/es\/wp-json\/wp\/v2\/hebergement\/2274","targetHints":{"allow":["GET"]}}],"collection":[{"href":"https:\/\/vdtarn.fr\/es\/wp-json\/wp\/v2\/hebergement"}],"about":[{"href":"https:\/\/vdtarn.fr\/es\/wp-json\/wp\/v2\/types\/hebergement"}],"wp:featuredmedia":[{"embeddable":true,"href":"https:\/\/vdtarn.fr\/es\/wp-json\/wp\/v2\/media\/2278"}],"wp:attachment":[{"href":"https:\/\/vdtarn.fr\/es\/wp-json\/wp\/v2\/media?parent=2274"}],"wp:term":[{"taxonomy":"gamme","embeddable":true,"href":"https:\/\/vdtarn.fr\/es\/wp-json\/wp\/v2\/gamme?post=2274"}],"curies":[{"name":"wp","href":"https:\/\/api.w.org\/{rel}","templated":true}]}}

Chalet Les Chênes

<p class="has-small-font-size" data-block-type="core">El Chalet Familial du Domaine Vallée du Tarn*** tiene 2 dormitorios y un salón muy grande donde se puede desplegar el sofá.</p>

<ul class="has-small-font-size wp-block-list" data-block-type="core">
<li data-block-type="core">Aprox. 57 m² con terraza</li>



<li data-block-type="core">Wifi gratuito</li>



<li data-block-type="core">Cocina totalmente equipada para 6 personas.</li>



<li data-block-type="core">Cafetera eléctrica</li>



<li data-block-type="core">Frigorífico/congelador</li>



<li data-block-type="core">Placa eléctrica</li>



<li data-block-type="core">Horno microondas</li>



<li data-block-type="core">Televisión</li>



<li data-block-type="core">Ducha</li>



<li data-block-type="core">1 cama doble</li>



<li data-block-type="core">2 camas individuales</li>



<li data-block-type="core">WC separado</li>



<li data-block-type="core">Un edredón + almohada por persona.</li>



<li data-block-type="core">Portaequipajes</li>



<li data-block-type="core">Muebles de jardín</li>



<li data-block-type="core">Banco cama en el salón</li>
</ul>
